*b, b = -2*c + 109 + h. What is the hundreds digit of c?
3
Let h(i) = i**3 + 13*i**2 - 23*i + 8. Let u be h(-14). Suppose -v = y + u - 1106, 3*y = 0. What is the tens digit of v?
7
Let g be (-5 - -8 - 15)/((-2)/3). Let l be (-3 - 3)/(-36) + (-6862)/(-12). Suppose -l = 14*i - g*i. What is the tens digit of i?
4
Let k = 49 - 48. Let t be (-1)/k - 5/(-5). Suppose 0 = 4*o + 5*b - 131 - 268, t = o - 5*b - 81. What is the tens digit of o?
9
Let i = -106 + 103. Let k be (-7)/(49/(-7)) - 1*i. Suppose -w + 85 = -4*d, 0 = 3*w - 0*w - k*d - 247. What is the units digit of w?
1
Let l be -505*(-2 + (-112)/(-40)). What is the tens digit of l/(-7 - (-91)/14)?
0
Suppose r + 5*a + 14 = -35, 0 = 5*r + 3*a + 157. Suppose -3021 = -44*v - 13*v. Let j = v + r. What is the units digit of j?
4
What is the hundreds digit of 1/((-1)/(-5708)) + (-23 - -22) + 6?
7
Let t(j) = 2*j**3 + j + 380. Let o be t(0). Suppose -6*q - 4*b = -4*q - o, 0 = -3*b + 3. What is the units digit of q?
8
Let c = 54 - 46. Suppose 31 = -d + 2*d - s, 2*s = c. Let g = d - -19. What is the tens digit of g?
5
Suppose 2*a = -3*x + 218, -3*a - x = -6*a + 316. Let v = a - 58. Suppose 0 = 4*o - 156 - v. What is the units digit of o?
1
Suppose 2*h - 10*h + 840 = 0. Suppose 100*c + 1890 = h*c. What is the tens digit of c?
7
Let n = -9370 - -13037. What is the tens digit of n?
6
Suppose -54*n = 21*n + 4*n - 153181. What is the hundreds digit of n?
9
Let u = 60 + -58. Suppose 1794 = 5*o - 2*f, 55 - 777 = -u*o + 3*f. What is the tens digit of o?
5
Suppose -2*h = -3*h + 29. Let n = h + -28. What is the tens digit of ((-108)/(-2))/(n/1)?
5
What is the thousands digit of 13374*(10 + 68*(-13)/156)?
7
Suppose -29*b - 9*b + 563722 = -627806. What is the ten thousands digit of b?
3
Suppose -14*g + 13*g = 24. Let y = g + 18. What is the units digit of (-50)/(-1) + 12/y?
8
Suppose -2208 = 3*p + 132. Let z = -315 - p. What is the hundreds digit of z?
4
Let x(k) be the first derivative of -3*k**4/4 - 8*k**3/3 - 3*k**2/2 + 2*k + 4. Let s be x(-5). What is the units digit of (1*(1 - -1))/(8/s)?
8
Let i(x) = -9*x - 7. Let p be i(-17). Suppose -8*d = o - 4*d - 142, -o + p = 2*d. What is the hundreds digit of o?
1
Let r = 30 + -27. Let i = -9 + r. What is the units digit of 2 + i + 4 - -54?
4
Suppose 46*v - 261830 + 96536 = 355334. What is the units digit of v?
8
Let a(u) = -65*u - 16. Suppose -15*f + 4 = -16*f. What is the units digit of a(f)?
4
Let c(f) = 10*f - 12. Suppose -5*j + 2*o = 50, 4 - 7 = j + o. Let b be c(j). What is the units digit of (0 + -1)*b/1?
2
Let a(k) = -74985*k - 338. What is the hundreds digit of a(-1)?
6
Let u be (2/(-6))/(1/(-1212)). Let n = u + -221. What is the hundreds digit of n?
1
Let o(i) = -i**2 - 17*i - 28. Let z be o(-15). Let a be z/(2/(-4)*14/(-7)). Suppose 7*r - 8*r + 2*x = -148, -132 = -r - a*x. What is the units digit of r?
0
Let k be ((-164)/5)/((-2)/10). Suppose 2141 + 1393 = -38*o. Let n = o + k. What is the tens digit of n?
7
Let s(x) = 6*x + 29. Let i(z) = z + 4 + 10 + 16 + 5*z. Let a(j) = 6*i(j) - 5*s(j). What is the tens digit of a(0)?
3
Let f be (-633 - (3 + 13))*6/(-2). Suppose 0 = -5*b - 5*a + 1965, 4*a + 0*a = 5*b - f. What is the units digit of b?
1
Suppose -6*x + 83 = -79. Suppose -x*v + 17*v + 1680 = 0. What is the hundreds digit of v?
1
Let z = -331 - -333. Suppose 0*x - 4*x + z*j = -3180, 0 = -2*x - 5*j + 1590. What is the tens digit of x?
9
Let x be 1/(-4 - 425/(-105)). Let y = x - -6. Suppose 5*i - 358 = y. What is the tens digit of i?
7
Let v(y) = -y**3 + 4*y**2 + 4. Let r be v(4). Suppose 4*p - 438 = r*f - 2*f, -f - 109 = -p. Let a = -54 + p. What is the units digit of a?
6
Let x = 434 + -648. Let i = 406 + x. What is the units digit of i?
2
Suppose -165*l - 118664 = -4*q - 167*l, q - 3*l - 29673 = 0. What is the ten thousands digit of q?
2
Let l be (-4)/(-5) - 5396/95. Let t = 59 + l. What is the units digit of -1 + 324/4 + t?
3
Suppose 5*j - z - 302 = 0, -4*j - 5*z + 251 = -8. Let r = -30 + -14. Let m = j + r. What is the tens digit of m?
1
Let q(t) = -t - 9. Let y be q(-12). Suppose -2*s - 4*w - 10 = w, -s + y*w = -6. Suppose 2*h - 86 - 96 = s. What is the tens digit of h?
9
Suppose -3*z = 2*f - 12, 3*f - 12 - 6 = -4*z. Suppose 0 = 5*m - f*m + 537. What is the tens digit of m?
3
Let d be 2 - (5 + -6)*(-1 + -1). Suppose -x + b - 348 + 86 = 0, b - 4 = d. Let p = x - -508. What is the tens digit of p?
5
Let f(s) = -3*s**3 - 3*s**2 + 41*s + 19. Suppose 10 = 8*w + 74. What is the tens digit of f(w)?
3
Let j(z) = 74*z - 2337. What is the hundreds digit of j(79)?
5
Let u = 35428 - 17303. What is the thousands digit of u?
8
Let u(c) = 201*c + 13079. What is the tens digit of u(-47)?
3
Suppose 2*y - 5*i + 8 = 0, 4*y + 24 = -2*i - 40. Let z = y + 21. Suppose -z*h = -h - 462. What is the tens digit of h?
7
Let y(a) = 239*a + 1262. What is the tens digit of y(63)?
1
Let y be (201/(-2))/((-4)/24). Suppose -3*s - 3 + y = 0. Suppose -5*r = 3*w - s, w - 96 = -2*r + 3*w. What is the tens digit of r?
4
Let m = 90251 - 61241. What is the ten thousands digit of m?
2
Suppose -52948 = -36*j + 29*j. What is the units digit of j?
4
Suppose -9*k - 12*k + 11508 = 0. Let w = k - 311. What is the tens digit of w?
3
Suppose -5*h + 4325 = t - 2*t, 3*h = -5*t + 2567. Let a = h + -402. What is the units digit of (-7)/35 + a/10?
6
Let z(b) = b**2 + 15*b - 87. Let m be z(-21). Suppose -13*d = -m*d + 13624. What is the units digit of d?
4
Let b be 98/7*((-10)/7)/(-1). What is the tens digit of 5415/b + (-4)/(-16)?
7
What is the units digit of (-17440)/(-48)*(-522)/(-4)?
5
Let h be (-4050)/40 - (-1)/4 - 3. What is the units digit of ((-164)/(-3))/(h/(-78))?
1
Let w = -18 + 248. Suppose -4000 - w = -18*s. Let c = 7 + s. What is the units digit of c?
2
Let c(f) = 45*f - 19. Let y(l) = 22*l - 9. Let a(x) = 2*c(x) - 5*y(x). Let w(o) = -o**3 - 20*o**2 - 22*o - 61. Let r be w(-19). What is the tens digit of a(r)?
8
Let w = -574 + 842. What is the units digit of w?
8
Suppose 4*w = q - 16, 6*w - 3*w = -q - 12. Suppose 22*o - 8*o - 5656 = q. What is the hundreds digit of o?
4
Suppose 34*j - 211587 + 34885 = 289948. What is the units digit of j?
5
Suppose -21*f + 20*f + 22 = -2*z, -4*f + 5*z = -88. Suppose 276 = -21*w + f*w. What is the units digit of w?
6
Let n(l) = l**3 - 6*l**2 - l + 8. Suppose -4*x + 9*x = 30. Let a be n(x). What is the tens digit of a + 77 + (-4 - -2) + -3?
7
Let c = -1529 + 50413. What is the tens digit of c?
8
Let v = 16231 + -7925. What is the tens digit of v?
0
Suppose 188*x - 189*x = -3*u + 30106, 0 = -4*x + 8. What is the thousands digit of u?
0
Let n = 203 - 515. Let g = n - -466. Suppose 2*u + g = 4*u. What is the units digit of u?
7
Let u(b) = 199*b**2 - 7*b - 137. What is the hundreds digit of u(10)?
6
Let u = -194 - -201. Suppose 4*m - 1404 = -3*d, -5*m - 8*d + 1766 = -u*d. What is the tens digit of m?
5
Suppose 3*h + 38 = 3*y - 13, -3*h + 54 = 4*y. What is the hundreds digit of ((-474)/y)/(5/(-50))?
3
Suppose 0 = 24*d - 22*d + 3790. Let c = -1152 - d. What is the units digit of c?
3
Suppose -7*u - 15266 = -4*u - 43076. What is the thousands digit of u?
9
Suppose -5*q - 3*v = -9, 4 = v - 3*v. Suppose 0 = -q*m - 3*b, 4*b - 5 - 7 = 2*m. Let h(k) = -9*k**3 - k**2 + 2*k + 1. What is the tens digit of h(m)?
6
Let h be ((-49)/(-2))/((18/(-6))/(-6)). Suppose h*y = 54*y - 850. What is the units digit of y?
0
Let p = -4507 - -4592. What is the units digit of p?
5
Let m = 5427 - -856. What is the units digit of m?
3
Suppose -13*w - w = 0. Suppose -4*o + 5*q - 2*q + 1164 = w, o - q = 291. What is the tens digit of o?
9
Suppose 2*g - 10 + 24 = -2*b, 3*g + 13 = -b. Let d(w) = -w**2 + 13*w - 7. Let p be d(5). What is the tens digit of 146/g*p/(-22)?
7
Let c be 3 - ((4 - 4) + -42). Let h be (18/c)/(2/5). What is the hundreds digit of 310/5*(h + 1)?
1
Let i(z) be the third derivative of 11*z**5/60 - 5*z**4/4 + 4*z**3/3 - 45*z**2. What is the units digit of i(-5)?
3
Suppose f + 11*p - 57277 = 4*p, -p = -4*f + 229224. What is the ten thousands digit of f?
5
Suppose -i - 960 = -7340 - 2625. What is the units digit of i?
5
Let b be 666/(-3)*2/(-4). What is the tens digit of (-74)/b + 1 + (-1360)/(-6)?
2
Let m(t) be the second derivative of t**5/20 - 4*t**4/3 - 41*t**2/2 - 44*t. What is th